 when 1032968 is divided by 5.
3
What is the remainder when 124418 is divided by 972?
2
What is the remainder when 8263 is divided by 7381?
882
What is the remainder when 53304 is divided by 935?
9
What is the remainder when 12215 is divided by 6096?
23
What is the remainder when 116243 is divided by 13?
10
Calculate the remainder when 2294248 is divided by 375.
373
What is the remainder when 22560 is divided by 29?
27
What is the remainder when 64306 is divided by 16076?
2
What is the remainder when 29233 is divided by 7305?
13
Calculate the remainder when 9874 is divided by 15.
4
What is the remainder when 29294 is divided by 84?
62
Calculate the remainder when 11291 is divided by 3598.
497
What is the remainder when 3682 is divided by 363?
52
Calculate the remainder when 5721 is divided by 301.
2
Calculate the remainder when 6824 is divided by 34.
24
Calculate the remainder when 221515 is divided by 73835.
10
What is the remainder when 87583 is divided by 2654?
1
Calculate the remainder when 12512916 is divided by 17.
15
What is the remainder when 1647 is divided by 336?
303
Calculate the remainder when 15345 is divided by 51.
45
Calculate the remainder when 10286 is divided by 2991.
1313
What is the remainder when 12840 is divided by 804?
780
What is the remainder when 301235 is divided by 100399?
38
What is the remainder when 28512 is divided by 40?
32
Calculate the remainder when 80662 is divided by 8957.
49
What is the remainder when 1906 is divided by 709?
488
What is the remainder when 16398 is divided by 36?
18
Calculate the remainder when 281780 is divided by 701.
679
Calculate the remainder when 265557 is divided by 217.
166
What is the remainder when 2347258 is divided by 71?
69
Calculate the remainder when 90584 is divided by 1276.
1264
Calculate the remainder when 8067 is divided by 537.
12
What is the remainder when 929 is divided by 11?
5
What is the remainder when 3577 is divided by 1787?
3
What is the remainder when 7871 is divided by 6444?
1427
Calculate the remainder when 189633 is divided by 12.
9
What is the remainder when 197058 is divided by 118?
116
What is the remainder when 3486 is divided by 90?
66
Calculate the remainder when 2064 is divided by 105.
69
What is the remainder when 3715 is divided by 42?
19
What is the remainder when 38419 is divided by 474?
25
What is the remainder when 2756 is divided by 103?
78
Calculate the remainder when 17168 is divided by 8570.
28
What is the remainder when 12319 is divided by 25?
19
What is the remainder when 1087 is divided by 156?
151
Calculate the remainder when 2449 is divided by 3.
1
Calculate the remainder when 15472 is divided by 65.
2
What is the remainder when 1077949 is divided by 25?
24
What is the remainder when 4750 is divided by 593?
6
What is the remainder when 1115 is divided by 24?
11
Calculate the remainder when 691395 is divided by 26.
3
Calculate the remainder when 3660 is divided by 428.
236
What is the remainder when 5842 is divided by 418?
408
What is the remainder when 2850 is divided by 1126?
598
What is the remainder when 7871 is divided by 48?
47
Calculate the remainder when 3608 is divided by 364.
332
What is the remainder when 113125 is divided by 316?
313
Calculate the remainder when 162310 is divided by 30.
10
What is the remainder when 11814 is divided by 219?
207
Calculate the remainder when 1950 is divided by 104.
78
Calculate the remainder when 11096 is divided by 111.
107
Calculate the remainder when 66492 is divided by 396.
360
Calculate the remainder when 333 is divided by 217.
116
Calculate the remainder when 10292 is divided by 41.
1
Calculate the remainder when 92131 is divided by 46064.
3
Calculate the remainder when 110682 is divided by 101.
87
What is the remainder when 32629 is divided by 2301?
415
What is the remainder when 22422 is divided by 220?
202
What is the remainder when 72481 is divided by 5566?
123
Calculate the remainder when 28471 is divided by 69.
43
What is the remainder when 104277 is divided by 120?
117
What is the remainder when 13110 is divided by 108?
42
What is the remainder when 377 is divided by 32?
25
Calculate the remainder when 1688 is divided by 49.
22
What is the remainder when 80761 is divided by 11?
10
What is the remainder when 10811 is divided by 2700?
11
What is the remainder when 484886 is divided by 5?
1
What is the remainder when 170004 is divided by 605?
604
Calculate the remainder when 132802 is divided by 36.
34
What is the remainder when 4082 is divided by 860?
642
Calculate the remainder when 29430 is divided by 7357.
2
Calculate the remainder when 245 is divided by 167.
78
What is the remainder when 2526 is divided by 633?
627
What is the remainder when 9936 is divided by 142?
138
Calculate the remainder when 37564 is divided by 93.
85
Calculate the remainder when 4649073 is divided by 27.
24
What is the remainder when 12700 is divided by 3157?
72
Calculate the remainder when 2915 is divided by 726.
11
What is the remainder when 90971 is divided by 1716?
23
Calculate the remainder when 140667 is divided by 64.
59
What is the remainder when 51214 is divided by 11?
9
What is the remainder when 962884 is divided by 77?
76
Calculate the remainder when 58327 is divided by 8328.
31
What is the remainder when 17419 is divided by 8704?
11
What is the remainder when 3336 is divided by 535?
126
What is the remainder when 35202 is divided by 50?
2
What is the remainder when 3520 is divided by 86?
80
Calculate the remainder when 255 is divided by 248.
7
Calculate the remainder when 6971 is divided by 56.
27
What is the remainder when 758 is divided by 583?
175
What is the remainder when 1250 is divided by 84?
74
What is the remainder when 3308 is divided by 378?
284
What is the remainder when 5863 is divided by 255?
253
Calculate the remainder when 104935 is divided by 20986.
5
What is the remainder when 59459 is divided by 251?
223
What is the remainder when 7785867 is divided by 1090?
1087
What is the remainder when 1387134 is divided by 32?
30
Calculate the remainder when 155668 is divided by 14151.
7
What is the remainder when 2876 is divided by 931?
83
What is the remainder when 1205792 is divided by 1745?
1742
What is the remainder when 342 is divided by 56?
6
Calculate the remainder when 719 is divided by 252.
215
Calculate the remainder when 30252 is divided by 460.
352
Calculate the remainder when 58524 is divided by 912.
156
Calculate the remainder when 2974 is divided by 41.
22
Calculate the remainder when 1763231 is divided by 37.
33
Calculate the remainder when 1511 is divided by 636.
239
Calculate the remainder when 398 is divided by 174.
50
What is the remainder when 4149507 is divided by 10?
7
Calculate the remainder when 2619 is divided by 654.
3
Calculate the remainder when 7589 is divided by 2215.
944
What is the remainder when 18560 is divided by 2061?
11
Calculate the remainder when 1842 is divided by 4.
2
Calculate the remainder when 9071 is divided by 579.
386
What is the remainder when 52405 is divided by 1115?
0
What is the remainder when 217 is divided by 22?
19
Calculate the remainder when 830 is divided by 163.
15
Calculate the remainder when 8658 is divided by 579.
552
What is the remainder when 68874 is divided by 574?
568
Calculate the remainder when 83667 is divided by 782.
775
Calculate the remainder when 702646 is divided by 42.
28
What is the remainder when 16782 is divided by 5591?
9
Calculate the remainder when 7358 is divided by 254.
246
What is the remainder when 17252 is divided by 24?
20
What is the remainder when 8868 is divided by 983?
21
What is the remainder when 3940 is divided by 1311?
7
What is the remainder when 102498 is divided by 25?
23
What is the remainder when 18121 is divided by 572?
389
Calculate the remainder when 43520 is divided by 702.
698
What is the remainder when 7934 is divided by 2321?
971
Calculate the remainder when 23480 is divided by 1492.
1100
What is the remainder when 2255 is divided by 124?
23
Calculate the remainder when 12802 is divided by 123.
10
Calculate the remainder when 59408 is divided by 1140.
128
Calculate the remainder when 1705 is divided by 26.
15
Calculate the remainder when 48545 is divided by 31.
30
Calculat